e d(9).
60
Let p(z) = -z**2 - z + 12. What is p(0)?
12
Let b(w) = -5*w**3 + w**2 + w - 1. What is b(-1)?
4
Let k(i) = -i + 20. Calculate k(8).
12
Let z(x) = -5*x. Determine z(-1).
5
Let q(z) = -4*z**2 - 13*z + 6. Determine q(-4).
-6
Let n(s) = -s**2 + 22*s - 23. What is n(22)?
-23
Let r(b) = -b**2 - 16*b - 41. What is r(-13)?
-2
Let r(u) = 5*u - 342. Give r(67).
-7
Let a(y) = -y**3 + 10*y**2 - 5*y - 25. Calculate a(9).
11
Let q(d) = d**2 + 20*d + 95. Give q(-12).
-1
Let s(h) = -7*h + 10. Calculate s(7).
-39
Let j(w) = 2*w**2 - 131*w + 71. Calculate j(65).
6
Let c(g) = g**2 - 3*g + 9. Calculate c(9).
63
Let l(d) = -d**3 + 3*d**2 + 9*d + 1. Calculate l(5).
-4
Let t(x) = x - 30. Give t(18).
-12
Let t(f) = -6*f - 70. Give t(-11).
-4
Let f(g) = -g - 9. Calculate f(-3).
-6
Let l(n) = -4*n + 24. Calculate l(9).
-12
Let c(x) = x**3 - x**2 - 2*x - 5. What is c(0)?
-5
Let g(j) = j**2 - 2*j - 15. Determine g(12).
105
Let r(c) = c**3 + 15*c**2 + 33*c - 119. Determine r(-11).
2
Let a(p) = 13*p + 4. What is a(5)?
69
Let r(w) = 5*w - 28. Calculate r(3).
-13
Let x(r) = 5*r + 4. What is x(-6)?
-26
Let z(q) = 4*q**2 - 6*q - 2. Calculate z(-3).
52
Let j(s) = -s**3 - 31*s**2 + 34*s + 51. What is j(-32)?
-13
Let n(s) = -s - 13. Give n(-10).
-3
Let q(k) = k**3 + 3*k**2 - 2*k - 9. Give q(-4).
-17
Let y(k) = -k - 15. Calculate y(-16).
1
Let y(n) = n**2 + 28*n + 27. Calculate y(-27).
0
Let y(c) = -c**2 + 2*c - 3. Calculate y(5).
-18
Let m(n) = -54*n + 271. What is m(5)?
1
Let c(s) = s**3 - 5*s**2 - 2*s + 9. What is c(5)?
-1
Let v(n) = n**2 - 2. Determine v(-3).
7
Let l(g) = 3*g**2 + 41*g + 104. Give l(-10).
-6
Let t(u) = -101*u**3 - u**2 + 1. Give t(-1).
101
Let n(a) = -a**3 + 5*a**2 - a - 5. Determine n(3).
10
Let u(x) = x**3 + 2*x**2 - 5*x + 2. Give u(3).
32
Let y(h) = 6*h - 41. Give y(14).
43
Let x(t) = -4*t + 13. Calculate x(4).
-3
Let l(z) = -2*z**2 + 7*z - 8. Determine l(3).
-5
Let g(i) = 6*i**2 + 2*i + 6. Determine g(-3).
54
Let c(o) = -o**3 + 4*o**2 - 5*o + 12. Calculate c(5).
-38
Let g(c) = -2*c**2 - 50*c - 255. What is g(-6)?
-27
Let g(b) = b**3 - 10*b**2 + 12*b - 13. Determine g(9).
14
Let m(r) = 2*r**2 - 7*r + 11. Calculate m(2).
5
Let a(i) = i + 21. Give a(7).
28
Let h(t) = -t**2 - 14*t + 14. Calculate h(-12).
38
Let g(v) = -v**3 - 2*v**2 + 14. Give g(0).
14
Let t(i) = -i**2 + 12*i + 19. Calculate t(14).
-9
Let x(s) = s + 5. Calculate x(-10).
-5
Let b(s) = s - 11. Give b(5).
-6
Let v(m) = 3*m. Give v(9).
27
Let b(y) = 28*y - 342. What is b(12)?
-6
Let b(k) = -3*k + 72. Determine b(27).
-9
Let a(z) = -z**3 - 41*z**2 - 80*z - 83. Determine a(-39).
-5
Let f(n) = n**3 + 14*n**2 - 12*n + 18. Determine f(-15).
-27
Let n(x) = -16*x + 29. What is n(1)?
13
Let l(k) = -2*k. Determine l(-4).
8
Let j(t) = -t**2 - 11*t + 179. Determine j(-20).
-1
Let o(t) = t**3 - 8*t**2 - t + 4. Determine o(9).
76
Let a(q) = -q**3 - 6*q**2 - 6*q - 8. Give a(-6).
28
Let g(z) = -6*z - 18. Determine g(-4).
6
Let w(z) = -z**3 + 2*z**2 - 2*z - 3. Calculate w(-2).
17
Let q(u) = -u**3 - 7*u**2 - 13*u + 8. Calculate q(-6).
50
Let g(c) = -c**3 + 14*c**2 + 30*c + 35. What is g(16)?
3
Let f(v) = -v**2 + 96. Give f(-9).
15
Let f(p) = 5*p + 119. What is f(-23)?
4
Let j(d) = d**3 - 3*d - 2. Determine j(4).
50
Let h(c) = -5*c + 3. Calculate h(3).
-12
Let h(c) = -3*c**2 + 6*c - 5. Give h(-5).
-110
Let j(m) = -m**3 - 8*m**2 - m - 5. Give j(-8).
3
Let i(z) = z**3 - 26*z**2 + z + 22. Give i(26).
48
Let f(y) = y**3 + 9*y**2 - 2*y + 4. Give f(-9).
22
Let s(h) = h**3 + 4*h**2. Give s(-3).
9
Let f(i) = -14*i + 18. Determine f(2).
-10
Let b(l) = 3*l**3 - 5*l**2 + 9*l - 19. Give b(2).
3
Let x(a) = -2*a - 5. Determine x(-2).
-1
Let c(b) = 5*b**2 - 5*b + 5. Determine c(1).
5
Let g(o) = 3*o**3 - 2*o**2 - 4*o - 5. Calculate g(-2).
-29
Let p(l) = 8*l + 71. What is p(0)?
71
Let a(p) = 4*p**2 - 126*p + 76. Give a(31).
14
Let q(w) = -2*w**2 + 18*w + 45. Determine q(11).
1
Let g(r) = -r**3 + 3*r**2 + 4*r + 13. Give g(5).
-17
Let h(t) = -t**2 + 8*t - 21. Calculate h(8).
-21
Let k(l) = l**2 - l + 6. Calculate k(-4).
26
Let s(o) = -2*o + 62. What is s(31)?
0
Let r(x) = 4*x + 22. Determine r(-3).
10
Let g(d) = -60*d - 1. Determine g(-2).
119
Let a(v) = -v**3 - 5*v**2 + 9*v + 9. Calculate a(-6).
-9
Let v(b) = 3*b**2 - 3*b - 3. Give v(5).
57
Let s(t) = t**3 - 3*t**2 - 3*t + 3. Determine s(5).
38
Let r(s) = s - 10. What is r(5)?
-5
Let v(n) = -2*n**2 - 8*n - 6. Determine v(-5).
-16
Let u(l) = -l**3 + l**2 + l + 2. Give u(2).
0
Let h(g) = -g**3 + 14*g**2 - 12*g + 9. What is h(13)?
22
Let k(s) = -71*s - 42. Calculate k(-1).
29
Let d(h) = -h**2 + 4*h. Calculate d(8).
-32
Let h(l) = -3*l**2 + l - 6. Calculate h(5).
-76
Let v(h) = 2*h**2 + 41*h + 8. Give v(-20).
-12
Let j(w) = w**2 + 13*w - 21. Determine j(-15).
9
Let n(o) = o**2 - 8*o + 7. Give n(11).
40
Let j(i) = -i**3 + 18*i**2 + i - 11. What is j(18)?
7
Let n(h) = -h**3 - 3*h**2 + 2*h + 1. Give n(2).
-15
Let r(a) = 8*a**3 - a. Give r(1).
7
Let c(t) = -t**2 - 4*t - 8. Calculate c(-4).
-8
Let p(a) = -7*a + 35. Give p(14).
-63
Let c(q) = q**3 + 18*q**2 + 9*q + 21. Determine c(-18).
-141
Let h(j) = j**3 - 5*j**2 + 7. What is h(6)?
43
Let g(h) = 12*h - 158. What is g(14)?
10
Let x(o) = 2*o**3 + 4*o**2 - 6*o - 4. Give x(-4).
-44
Let b(r) = 23*r - 91. What is b(4)?
1
Let h(c) = -5*c - 6. Calculate h(-5).
19
Let a(b) = b**2 - 6*b + 23. Determine a(4).
15
Let l(t) = -t**2 + 5*t + 29. Determine l(7).
15
Let g(w) = -28*w + 32. Give g(1).
4
Let x(m) = -m**2 + 25*m - 157. What is x(14)?
-3
Let f(c) = 3*c + 12. Calculate f(-6).
-6
Let c(o) = -2*o - 28. Give c(-13).
-2
Let p(x) = 14*x + 8. Determine p(-1).
-6
Let l(k) = -k**3 + 21*k**2 - 23*k + 36. What is l(20)?
-24
Let k(n) = -n - 15. Calculate k(11).
-26
Let w(o) = -2*o + 10. Determine w(12).
-14
Let l(f) = f**2 - 21*f + 32. Give l(18).
-22
Let n(k) = -24*k - 58. Calculate n(-5).
62
Let v(j) = j**2 + 8*j + 3. Calculate v(0).
3
Let v(j) = -j**2 + 8*j - 14. Calculate v(7).
-7
Let u(z) = 9*z + 118. Determine u(-13).
1
Let n(f) = -f**3 - 8*f**2 + 8*f + 10. Calculate n(-9).
19
Let q(i) = -i**2 + 9*i + 5. What is q(-6)?
-85
Let g(i) = -i**3 + 6*i**2 + 5*i + 18. Calculate g(7).
4
Let d(q) = -9*q - 73. Determine d(-8).
-1
Let t(f) = -f**3 + 22*f**2 + 23*f - 13. Give t(23).
-13
Let z(m) = -m**3 + 5*m**2 + 3*m - 8. What is z(5)?
7
Let q(o) = o - 13. What is q(-7)?
-20
Let b(c) = -2*c - 6. Give b(-5).
4
Let i(a) = -7*a**2 - 4*a + 9. Determine i(4).
-119
Let u(d) = -d**3 - 8*d**2 - 4*d + 2. Give u(-6).
-46
Let t(a) = 19*a - 1. Give t(-1).
-20
Let y(o) = -o**2 + 3*o + 3. What is y(-3)?
-15
Let b(g) = 2*g**2 + 16*g + 1. Determine b(-7).
-13
Let c(q) = -q**3 - 4*q**2 - q + 2. Give c(-3).
-4
Let w(v) = 14*v + 99. Calculate w(-7).
1
Let w(a) = -a**3 + 11*a**2 + 16*a - 16. What is w(12)?
32
Let x(q) = -q**3 - 11*q**2 + 10*q - 7. What is x(-12)?
17
Let j(p) = -6*p**2 - 4*p - 5. Give j(-2).
-21
Let n(s) = s**2 - 8*s - 9. Calculate n(9).
0
Let p(h) = h**2 - 7*h + 7. Determine p(7).
7
Let o(t) = 5*t**2 - 3*t - 2. Calculate o(-2).
24
Let f(x) = x - 15. What is f(7)?
-8
Let w(c) = 2*c**2 - 11. Calculate w(4).
21
Let o(q) = q**3 + 8*q**2 + 14*q + 105. Determine o(-8).
-7
Let w(n) = -8*n**3 + n**2 - n. Give w(1).
-8
Let t(m) = m**2 + 3*m - 1. Determine t(3).
17
Let z(j) = -j**2 + 3*j. What is z(3)?
0
Let y(d) = -3*d**3 + 5*d**2 - 4*d. Determine y(2).
-12
Let p(x) = -x**2 + 10*x + 13. Calculate p(14).
-43
Let m(a) = 2*a**2 - 56*a - 58. What is m(-1)?
0
Let h(u) = -u**3 + 12*u**2 + 15*u + 5. What is h(13)?
31
Let x(s) = -s + 13. Calculate x(0).
13
Let u(o) = -2*o - 4. Give u(-8).
12
Let c(s) = s**3 + 33*s**2 - 31*s + 106. Determine c(-34).
4
Let u(l) = -87*l - 1. Determine u(1).
-88
Let v(u) = -u - 30. Determine v(-13).
-17
Let o(y) = y**3 + 17*y**2 + 18*y + 23. What is o(-16)?
-9
Let z(p) = -4*p**2 + 9*p - 4. Give z(2).
-2
Let t(h) = -h**2 - 5*h - 14. Give t(-5).
-14
Let q(y) = y**2 + 13*y - 22. Determine q(-15).
8
Let y(q) = -q**2 - 8*q - 7. Determine y(-5).
8
Let p(j) = -j**3 + 8*j**2 + 9*j - 8. Determine p(9).
-8
Let b(s) = s**3 - 7*s**2 + 7*s + 16. Calculate b(6).
22
Let w(d) = -d**3 - 2*d**2 + 14*d + 32. Determine w(-3).
-1
Let a(m) = -m**2 - 14*m + 35. What is a(-16)?
3
Let l(s) = 6*s - 77. What is l(13)?
1
Let j(r) = -3*r**2 - 4*r + 7. Calculate j(-5